{"id":269,"date":"2024-05-02T09:29:02","date_gmt":"2024-05-02T09:29:02","guid":{"rendered":"https:\/\/aebentodacruz.pt\/eqavet\/?page_id=269"},"modified":"2025-09-16T13:20:53","modified_gmt":"2025-09-16T13:20:53","slug":"missao-e-visao","status":"publish","type":"page","link":"https:\/\/www.aebentodacruz.pt\/eqavet\/missao-e-visao\/","title":{"rendered":"Miss\u00e3o e Vis\u00e3o"},"content":{"rendered":"\t\t<div data-elementor-type=\"wp-page\" data-elementor-id=\"269\" class=\"elementor elementor-269\">\n\t\t\t\t<div class=\"elementor-element elementor-element-7ea78d5 e-flex e-con-boxed e-con e-parent\" data-id=\"7ea78d5\" data-element_type=\"container\" data-e-type=\"container\">\n\t\t\t\t\t<div class=\"e-con-inner\">\n\t\t\t\t<div class=\"elementor-element elementor-element-3b4c7cf elementor-widget elementor-widget-image\" data-id=\"3b4c7cf\" data-element_type=\"widget\" data-e-type=\"widget\" data-widget_type=\"image.default\">\n\t\t\t\t<div class=\"elementor-widget-container\">\n\t\t\t\t\t\t\t\t\t\t\t\t\t\t\t<img decoding=\"async\" src=\"https:\/\/www.aebentodacruz.pt\/eqavet\/wp-content\/uploads\/elementor\/thumbs\/escola-qnv50sd75sd1hantc5uaapcsp6h7b58bhs81paj6jg.png\" title=\"escola\" alt=\"escola\" loading=\"lazy\" \/>\t\t\t\t\t\t\t\t\t\t\t\t\t\t\t<\/div>\n\t\t\t\t<\/div>\n\t\t\t\t\t<\/div>\n\t\t\t\t<\/div>\n\t\t<div class=\"elementor-element elementor-element-8411e4f e-flex e-con-boxed e-con e-parent\" data-id=\"8411e4f\" data-element_type=\"container\" data-e-type=\"container\">\n\t\t\t\t\t<div class=\"e-con-inner\">\n\t\t\t\t<div class=\"elementor-element elementor-element-f50d2fa elementor-widget elementor-widget-heading\" data-id=\"f50d2fa\" data-element_type=\"widget\" data-e-type=\"widget\" data-widget_type=\"heading.default\">\n\t\t\t\t<div class=\"elementor-widget-container\">\n\t\t\t\t\t<h2 class=\"elementor-heading-title elementor-size-default\">Miss\u00e3o e Vis\u00e3o<\/h2>\t\t\t\t<\/div>\n\t\t\t\t<\/div>\n\t\t\t\t\t<\/div>\n\t\t\t\t<\/div>\n\t\t<div class=\"elementor-element elementor-element-3dc132a e-flex e-con-boxed e-con e-parent\" data-id=\"3dc132a\" data-element_type=\"container\" data-e-type=\"container\">\n\t\t\t\t\t<div class=\"e-con-inner\">\n\t\t\t\t<div class=\"elementor-element elementor-element-c6e79d1 elementor-widget elementor-widget-text-editor\" data-id=\"c6e79d1\" data-element_type=\"widget\" data-e-type=\"widget\" data-widget_type=\"text-editor.default\">\n\t\t\t\t<div class=\"elementor-widget-container\">\n\t\t\t\t\t\t\t\t\t<p class=\"font_8 wixui-rich-text__text\">O AEDBC-M tem por miss\u00e3o prestar \u00e0 comunidade educativa um servi\u00e7o educativo de qualidade, garantindo um ambiente participativo, aberto e integrador, numa escola reconhecida pelo seu humanismo e pelos elevados padr\u00f5es de exig\u00eancia e responsabilidade, valorizando tanto o prosseguimento de estudos como a integra\u00e7\u00e3o na vida ativa.<\/p><p class=\"font_8 wixui-rich-text__text\">O AEDBC-M assume a ambi\u00e7\u00e3o de ser uma institui\u00e7\u00e3o p\u00fablica de refer\u00eancia, tanto no contexto local como no regional, reconhecida pelo sucesso acad\u00e9mico, profissional e c\u00edvico dos alunos; pela promo\u00e7\u00e3o de cidad\u00e3os bem-sucedidos, ativos e intervenientes na sociedade; pelo envolvimento dos alunos e das respetivas fam\u00edlias; pela qualidade do ambiente interno e das rela\u00e7\u00f5es externas; e pela otimiza\u00e7\u00e3o dos recursos.<\/p>\t\t\t\t\t\t\t\t<\/div>\n\t\t\t\t<\/div>\n\t\t\t\t\t<\/div>\n\t\t\t\t<\/div>\n\t\t\t\t<\/div>\n\t\t","protected":false},"excerpt":{"rendered":"<p>Miss\u00e3o e Vis\u00e3o O AEDBC-M tem por miss\u00e3o prestar \u00e0 comunidade educativa um servi\u00e7o educativo de qualidade, garantindo um ambiente participativo, aberto e integrador, numa escola reconhecida pelo seu humanismo e pelos elevados padr\u00f5es de exig\u00eancia e responsabilidade, valorizando tanto o prosseguimento de estudos como a integra\u00e7\u00e3o na vida ativa. O AEDBC-M assume a ambi\u00e7\u00e3o de ser uma institui\u00e7\u00e3o p\u00fablica [&hellip;]<\/p>\n","protected":false},"author":2,"featured_media":0,"parent":0,"menu_order":0,"comment_status":"closed","ping_status":"closed","template":"page-templates\/full-width-container.php","meta":{"footnotes":""},"class_list":["post-269","page","type-page","status-publish","hentry"],"_links":{"self":[{"href":"https:\/\/www.aebentodacruz.pt\/eqavet\/wp-json\/wp\/v2\/pages\/269","targetHints":{"allow":["GET"]}}],"collection":[{"href":"https:\/\/www.aebentodacruz.pt\/eqavet\/wp-json\/wp\/v2\/pages"}],"about":[{"href":"https:\/\/www.aebentodacruz.pt\/eqavet\/wp-json\/wp\/v2\/types\/page"}],"author":[{"embeddable":true,"href":"https:\/\/www.aebentodacruz.pt\/eqavet\/wp-json\/wp\/v2\/users\/2"}],"replies":[{"embeddable":true,"href":"https:\/\/www.aebentodacruz.pt\/eqavet\/wp-json\/wp\/v2\/comments?post=269"}],"version-history":[{"count":10,"href":"https:\/\/www.aebentodacruz.pt\/eqavet\/wp-json\/wp\/v2\/pages\/269\/revisions"}],"predecessor-version":[{"id":916,"href":"https:\/\/www.aebentodacruz.pt\/eqavet\/wp-json\/wp\/v2\/pages\/269\/revisions\/916"}],"wp:attachment":[{"href":"https:\/\/www.aebentodacruz.pt\/eqavet\/wp-json\/wp\/v2\/media?parent=269"}],"curies":[{"name":"wp","href":"https:\/\/api.w.org\/{rel}","templated":true}]}}