{"id":319,"date":"2024-05-02T10:41:41","date_gmt":"2024-05-02T10:41:41","guid":{"rendered":"https:\/\/aebentodacruz.pt\/eqavet\/?page_id=319"},"modified":"2025-01-18T14:01:25","modified_gmt":"2025-01-18T14:01:25","slug":"sugestoes","status":"publish","type":"page","link":"https:\/\/www.aebentodacruz.pt\/eqavet\/sugestoes\/","title":{"rendered":"Sugest\u00f5es"},"content":{"rendered":"\t\t<div data-elementor-type=\"wp-page\" data-elementor-id=\"319\" class=\"elementor elementor-319\">\n\t\t\t\t<div class=\"elementor-element elementor-element-7ea78d5 e-con-full e-flex e-con e-parent\" data-id=\"7ea78d5\" data-element_type=\"container\" data-e-type=\"container\">\n\t\t\t\t<div class=\"elementor-element elementor-element-3b4c7cf elementor-widget elementor-widget-image\" data-id=\"3b4c7cf\" data-element_type=\"widget\" data-e-type=\"widget\" data-widget_type=\"image.default\">\n\t\t\t\t<div class=\"elementor-widget-container\">\n\t\t\t\t\t\t\t\t\t\t\t\t\t\t\t<img decoding=\"async\" src=\"https:\/\/www.aebentodacruz.pt\/eqavet\/wp-content\/uploads\/elementor\/thumbs\/pexels-photo-1595385-qmikr2gfv7d9tn7lezip0tgzlahjm6uh0zs83ox0po.jpeg\" title=\"pexels-photo-1595385.jpeg\" alt=\"pexels-photo-1595385.jpeg\" loading=\"lazy\" \/>\t\t\t\t\t\t\t\t\t\t\t\t\t\t\t<\/div>\n\t\t\t\t<\/div>\n\t\t\t\t<\/div>\n\t\t<div class=\"elementor-element elementor-element-8411e4f e-flex e-con-boxed e-con e-parent\" data-id=\"8411e4f\" data-element_type=\"container\" data-e-type=\"container\">\n\t\t\t\t\t<div class=\"e-con-inner\">\n\t\t\t\t<div class=\"elementor-element elementor-element-f50d2fa elementor-widget elementor-widget-heading\" data-id=\"f50d2fa\" data-element_type=\"widget\" data-e-type=\"widget\" data-widget_type=\"heading.default\">\n\t\t\t\t<div class=\"elementor-widget-container\">\n\t\t\t\t\t<h2 class=\"elementor-heading-title elementor-size-default\">Sugest\u00f5es<\/h2>\t\t\t\t<\/div>\n\t\t\t\t<\/div>\n\t\t\t\t\t<\/div>\n\t\t\t\t<\/div>\n\t\t<div class=\"elementor-element elementor-element-5ffe2f8 e-flex e-con-boxed e-con e-parent\" data-id=\"5ffe2f8\" data-element_type=\"container\" data-e-type=\"container\">\n\t\t\t\t\t<div class=\"e-con-inner\">\n\t\t<div class=\"elementor-element elementor-element-02c2dd8 e-con-full e-flex e-con e-child\" data-id=\"02c2dd8\" data-element_type=\"container\" data-e-type=\"container\">\n\t\t\t\t<div class=\"elementor-element elementor-element-1cebb37 elementor-widget elementor-widget-image\" data-id=\"1cebb37\" data-element_type=\"widget\" data-e-type=\"widget\" data-widget_type=\"image.default\">\n\t\t\t\t<div class=\"elementor-widget-container\">\n\t\t\t\t\t\t\t\t\t\t\t\t\t\t\t<img fetchpriority=\"high\" decoding=\"async\" width=\"780\" height=\"315\" src=\"https:\/\/www.aebentodacruz.pt\/eqavet\/wp-content\/uploads\/2024\/05\/sugestoes.png\" class=\"attachment-full size-full wp-image-321\" alt=\"\" srcset=\"https:\/\/www.aebentodacruz.pt\/eqavet\/wp-content\/uploads\/2024\/05\/sugestoes.png 780w, https:\/\/www.aebentodacruz.pt\/eqavet\/wp-content\/uploads\/2024\/05\/sugestoes-300x121.png 300w, https:\/\/www.aebentodacruz.pt\/eqavet\/wp-content\/uploads\/2024\/05\/sugestoes-768x310.png 768w\" sizes=\"(max-width: 780px) 100vw, 780px\" \/>\t\t\t\t\t\t\t\t\t\t\t\t\t\t\t<\/div>\n\t\t\t\t<\/div>\n\t\t\t\t<\/div>\n\t\t<div class=\"elementor-element elementor-element-b1d839d e-con-full e-flex e-con e-child\" data-id=\"b1d839d\" data-element_type=\"container\" data-e-type=\"container\">\n\t\t<div class=\"elementor-element elementor-element-b052e40 e-flex e-con-boxed e-con e-child\" data-id=\"b052e40\" data-element_type=\"container\" data-e-type=\"container\">\n\t\t\t\t\t<div class=\"e-con-inner\">\n\t\t\t\t<div class=\"elementor-element elementor-element-e803965 elementor-widget elementor-widget-text-editor\" data-id=\"e803965\" data-element_type=\"widget\" data-e-type=\"widget\" data-widget_type=\"text-editor.default\">\n\t\t\t\t<div class=\"elementor-widget-container\">\n\t\t\t\t\t\t\t\t\t<div id=\"bgLayers_comp-lghjoq82\" class=\"MW5IWV\" data-hook=\"bgLayers\" data-motion-part=\"BG_LAYER\"><p class=\"font_2 wixui-rich-text__text\"><span class=\"wixui-rich-text__text\">Porque desejamos garantir um ensino de qualidade, gostar\u00edamos de contar com a sua opini\u00e3o sobre o funcionamento dos cursos profissionais, bem como sobre as v\u00e1rias val\u00eancias do Agrupamento de Escolas Dr. Bento da Cruz.<\/span><\/p><p class=\"font_2 wixui-rich-text__text\">Para tal,\u00a0 convidamo-lo(a) a preencher a nossa <a href=\"https:\/\/forms.office.com\/e\/bKmaE3SdLV\"><strong>Caixa de sugest\u00f5es direta<\/strong><\/a>.<\/p><p class=\"font_2 wixui-rich-text__text\"><span class=\"wixui-rich-text__text\">Agradecemos, desde j\u00e1, toda a aten\u00e7\u00e3o dispensada.<\/span><\/p><p class=\"font_2 wixui-rich-text__text\"><span class=\"wixui-rich-text__text\">Muito obrigado!<\/span><\/p><p id=\"bgMedia_comp-lghjoq82\" class=\"VgO9Yg\" data-motion-part=\"BG_MEDIA\">\u00a0<\/p><\/div>\t\t\t\t\t\t\t\t<\/div>\n\t\t\t\t<\/div>\n\t\t\t\t\t<\/div>\n\t\t\t\t<\/div>\n\t\t<div class=\"elementor-element elementor-element-4259308 e-flex e-con-boxed e-con e-child\" data-id=\"4259308\" data-element_type=\"container\" data-e-type=\"container\">\n\t\t\t\t\t<div class=\"e-con-inner\">\n\t\t\t\t\t<\/div>\n\t\t\t\t<\/div>\n\t\t\t\t<\/div>\n\t\t\t\t\t<\/div>\n\t\t\t\t<\/div>\n\t\t\t\t<\/div>\n\t\t","protected":false},"excerpt":{"rendered":"<p>Sugest\u00f5es Porque desejamos garantir um ensino de qualidade, gostar\u00edamos de contar com a sua opini\u00e3o sobre o funcionamento dos cursos profissionais, bem como sobre as v\u00e1rias val\u00eancias do Agrupamento de Escolas Dr. Bento da Cruz. Para tal,\u00a0 convidamo-lo(a) a preencher a nossa Caixa de sugest\u00f5es direta. Agradecemos, desde j\u00e1, toda a aten\u00e7\u00e3o dispensada. Muito obrigado! \u00a0<\/p>\n","protected":false},"author":2,"featured_media":0,"parent":0,"menu_order":0,"comment_status":"closed","ping_status":"closed","template":"page-templates\/full-width-container.php","meta":{"footnotes":""},"class_list":["post-319","page","type-page","status-publish","hentry"],"_links":{"self":[{"href":"https:\/\/www.aebentodacruz.pt\/eqavet\/wp-json\/wp\/v2\/pages\/319","targetHints":{"allow":["GET"]}}],"collection":[{"href":"https:\/\/www.aebentodacruz.pt\/eqavet\/wp-json\/wp\/v2\/pages"}],"about":[{"href":"https:\/\/www.aebentodacruz.pt\/eqavet\/wp-json\/wp\/v2\/types\/page"}],"author":[{"embeddable":true,"href":"https:\/\/www.aebentodacruz.pt\/eqavet\/wp-json\/wp\/v2\/users\/2"}],"replies":[{"embeddable":true,"href":"https:\/\/www.aebentodacruz.pt\/eqavet\/wp-json\/wp\/v2\/comments?post=319"}],"version-history":[{"count":28,"href":"https:\/\/www.aebentodacruz.pt\/eqavet\/wp-json\/wp\/v2\/pages\/319\/revisions"}],"predecessor-version":[{"id":739,"href":"https:\/\/www.aebentodacruz.pt\/eqavet\/wp-json\/wp\/v2\/pages\/319\/revisions\/739"}],"wp:attachment":[{"href":"https:\/\/www.aebentodacruz.pt\/eqavet\/wp-json\/wp\/v2\/media?parent=319"}],"curies":[{"name":"wp","href":"https:\/\/api.w.org\/{rel}","templated":true}]}}